18). What is the hundreds digit of y(g)?
2
Suppose -3*g = g - 12. Let d be 34 + -1 + g - -1. Let s = -14 + d. What is the units digit of s?
3
Suppose -2*z - j + 475 - 157 = 0, -5*j = 10. What is the tens digit of z?
6
Let v(q) = q**3 - 9*q**2 - 11*q + 5. Let x be v(10). Let j(m) = 27*m**2 + 3*m - 9. Let c be j(2). What is the units digit of 3087/c - (-2)/x?
9
Suppose -18 = 3*g - 5*g. Let r(b) = 5*b - 11. What is the units digit of r(g)?
4
Let p = 35 - 33. Suppose 3*b = 15, p*b - 118 + 532 = 4*m. What is the hundreds digit of m?
1
Let b be 2*13 + 1 - 6/2. What is the units digit of (-274)/(-6) - b/36?
5
What is the tens digit of (-502)/(-8) + -1 + 636/(-848)?
6
Suppose 38 = 3*h - 82. Suppose 2*b + 0*b - h = 0. What is the units digit of b?
0
Let x be (-15)/(-3)*(-1 - 0). Let p be (16/(-10))/4*x. Suppose -p*w + 30 + 4 = 0. What is the units digit of w?
7
Let y(j) = -84*j**3 - 1 + 0*j**2 + 10*j**3 + j**2 - 67*j**3. Let b be y(-1). Suppose 8*g = 4*u + 3*g - b, -2*u = -5*g - 73. What is the tens digit of u?
3
Let t = -441 - -620. What is the tens digit of t?
7
Suppose -20*c + 18*c = 86. Let u = c + 89. What is the units digit of u?
6
Let b(q) = q**2 + 13*q + 13. Let c be b(-12). Let h be c/(-3) - (-245)/(-21). What is the tens digit of ((-4)/h)/((-3)/(-108))?
1
Let b(h) = 1585*h**2 - 111*h - 110. What is the tens digit of b(-1)?
8
Suppose 2142 = -12*x + 8622. Suppose 3*c + 6 = 3*y - 330, -c = -5*y + x. What is the units digit of y?
7
Let u = -13 - -15. Suppose 0*o - u*o = 0. Suppose -q - 2*x = -o*x - 20, -q = 3*x - 24. What is the units digit of q?
2
Let o be 12984/22 - (-18)/(-99). Suppose -2*s = -o - 64. What is the tens digit of s?
2
Let o = -376 + 1336. What is the units digit of o?
0
Let v(a) = 20*a**2 - 3*a - 7. Let x be v(-5). Suppose -25*t - x = -29*t. What is the units digit of t?
7
Suppose -3*x + 12 = 3*j, 0*x - 5*x - 2*j + 23 = 0. Let s(p) = -4*p**2 - 2*p + 3. Let n be s(x). Let z = n - -159. What is the units digit of z?
2
Suppose -6*m + 646 = -578. What is the tens digit of m?
0
Suppose 27*i + 527 - 3470 = 0. What is the tens digit of i?
0
Let f = -29 + 34. Let i be 4/(-4) + f + -3. Let a(u) = 51*u + 2. What is the units digit of a(i)?
3
Suppose -5 = -4*f + 3. Suppose 4*m - g = 20, f*g - 15 = -3*m - g. Suppose 20 = m*b, -2*b + 14 = -s + 3*s. What is the units digit of s?
3
Let w(t) = 30*t**2 - 8*t + 5. Let i be (-9)/((-9)/2) - 7. Let h(n) = -20*n**2 + 5*n - 3. Let d(x) = i*w(x) - 8*h(x). What is the units digit of d(1)?
9
Suppose 15*a = 10*a + 15. Suppose -a*g - 186 = -5*g - 5*h, -5*g = -h - 465. What is the units digit of g?
3
Let f(c) = -c**2 + 9*c - 9. Let o be f(10). Let l = 15 + o. What is the units digit of l/(-30) + (-1904)/(-120)?
6
Let s be 4 - (-92 - -3 - -3). Suppose -h = 3*c - 113, 2*c + 3*h - s + 17 = 0. What is the units digit of c?
8
Suppose 0 = 5*p + 4 + 56. Let z(l) be the second derivative of -l**4/12 - 5*l**3/2 - 3*l**2/2 + 2*l. What is the tens digit of z(p)?
3
Suppose -b + y + 79 = 0, -5*y - 231 = 4*b - 7*b. What is the units digit of b?
2
Suppose -53*y - 2855 = -58*y. Suppose -2*a + y = 3*c + 9, 558 = 2*a + 2*c. What is the units digit of a?
5
What is the hundreds digit of (7212/(-14))/(375/(-1750))?
4
Let i(z) = -506*z + 11. What is the hundreds digit of i(-2)?
0
Let x = 50 + -31. Suppose -m = -101 - x. Suppose -5*i = c - m, 5*i + 4*c - 2*c - 115 = 0. What is the tens digit of i?
2
Suppose 4*f + d + 62 = -0*f, -3*f - 41 = -2*d. Let q = f + 15. Suppose -36 = -q*h - h. What is the units digit of h?
6
Suppose -22*h + 26195 = 9*h. What is the units digit of h?
5
Let f(j) = -j**3 + 10*j**2 + 11*j + 8. Let h = 19 - 8. Let x be f(h). What is the tens digit of (x/3)/((-8)/(-192))?
6
Let v = -430 + 1156. What is the hundreds digit of v?
7
Let h(r) = -r - 5. Let p be h(9). Let t = p + 19. Suppose i + 2*i + 6 = 0, 4*j + t*i - 62 = 0. What is the tens digit of j?
1
Let r = 47 - 45. Suppose 142 = 2*c - 4*p, r*c - 5*p - 145 = -0*p. What is the units digit of c?
5
Let o = -52 + 54. Let s = 24 + o. What is the units digit of s?
6
Let w(z) be the third derivative of 17*z**4/24 + z**3/6 + z**2. What is the tens digit of w(1)?
1
Suppose 8*r - 3*r - 407 = -4*s, -4*s = -2*r - 386. Let y = 101 - s. What is the units digit of y?
3
What is the tens digit of 575/10*792/20?
7
Let j be 3 - ((-2)/(-6) - 1/3). Suppose j*d - 1 - 89 = 0. What is the tens digit of d?
3
Suppose 154 + 530 = -4*z. Let j = 368 + z. What is the units digit of j?
7
Let f be 0*(-5 - 19/(-4)). Suppose 3*k - 483 = x, k - 4*x - 6 - 144 = f. What is the tens digit of k?
6
Let b(r) = -55*r + 1761. What is the hundreds digit of b(0)?
7
Let n(i) = -2*i - 72. Let o be n(-30). Let d = 71 + -48. Let s = d + o. What is the tens digit of s?
1
Let w(s) = -s**3 + s**2 + s + 65. Let l be w(0). Let t = l + 18. What is the tens digit of t?
8
Let g(h) = h**2 - 5*h. Let d be g(5). Let f = -2 - d. What is the units digit of f/9 + 562/18?
1
Suppose -13 = 5*f - 38. Suppose f*u - 394 = 3*j, 0 = -u - 3*j + 59 + 27. Suppose 2*d = -5*b + 171, 3*b - 5*d - u = b. What is the units digit of b?
5
Let p(z) = z**2 - 6*z + 4. Let h be p(5). Suppose 2*y - 15 + 23 = 0. What is the units digit of h/(-2) - 254/y?
4
Suppose 41*y = 49*y - 12504. What is the units digit of y?
3
Let g = -10 + 14. Suppose 0 = 5*s - 2*c - 0*c - 421, s + g*c = 71. What is the units digit of s?
3
Let q(k) = 5*k**2 + 10*k - 4. Let y = 74 + -69. What is the hundreds digit of q(y)?
1
What is the tens digit of ((-60)/25)/(4/(-320))?
9
Let s = -62 - -6. Let q = s + 159. What is the hundreds digit of q?
1
Suppose -4*q = -2*r + 1084, 4*q - 2749 = -5*r + q. Suppose 3*a - 2*a = 5*k - r, -2*a - 333 = -3*k. What is the hundreds digit of k?
1
Suppose 4*i - 5*k - 18 = 0, -3*i + 7*i + k = 6. Suppose 6*x + 12 = 4*x. What is the tens digit of i + 15 + x/2?
1
Suppose -10*d + 3930 - 770 = 0. What is the hundreds digit of d?
3
Let p be (-18)/(-12)*2/3. Let s be (-326 + 12)*p/(-2). Suppose 118 = 3*d - n, -s = -3*d - d + n. What is the units digit of d?
9
What is the tens digit of (-197)/(-5) - (-297)/495?
4
What is the hundreds digit of 1794/9*39/26?
2
Suppose 267 - 75 = 6*q. Let l be (-14)/6*(-6)/2. Let u = q - l. What is the units digit of u?
5
Let u = 2 + 0. Suppose -j - m = 9 - 11, 0 = 4*j + 3*m - 9. Suppose b = 4*b - u*f - 27, 5*b - j*f = 44. What is the units digit of b?
7
Let r(w) = -w**2 - 16*w + 2. Let k be r(-8). Suppose -k = 4*b - b. What is the tens digit of (b + 20)*50/(-4)?
2
Suppose 0 = 5*c - 4*u - 1204, -13*c = -12*c + u - 239. Suppose g = 5*i - 592 - c, -3 = -g. What is the units digit of i?
7
Let x(k) = 20*k**2 + 37*k - 255. What is the thousands digit of x(12)?
3
Let z = -85 + 7. Let y = -53 - z. What is the units digit of y?
5
Let r(b) = b**3 + 16*b**2 - 9*b - 21. What is the tens digit of r(-9)?
2
Let m = 637 - 283. What is the hundreds digit of m?
3
Suppose 20*i = 24*i + 16, -3*i - 1288 = -4*d. What is the tens digit of d?
1
Suppose 7*b + 18 - 39 = 0. Suppose 2*i + 3*t - 337 = 0, -5*t - 523 = -b*i - 8. What is the units digit of i?
0
Suppose -30425 = -12*y + 5239. What is the tens digit of y?
7
Suppose b = -5*r + 530, 2*b + 0*r + 2*r - 1068 = 0. What is the units digit of b?
5
Let q = -251 + 78. Let a = 306 + q. Let p = a - 80. What is the units digit of p?
3
Suppose 7*u + 0*u - 210 = 0. What is the tens digit of u?
3
Suppose 4*w - 3*b = 17, w - 4*w - 2*b = 0. Suppose -w*s = 2*s - 16. Suppose 23 = -s*d + 5*d. What is the tens digit of d?
2
Let z = 198 - 154. What is the units digit of z?
4
Let j(b) = -79*b + 20. What is the units digit of j(-7)?
3
Let i(f) = -f. Let u(m) be the first derivative of -9*m**2/2 + 5*m - 2. Let j(p) = 22*i(p) - 2*u(p). What is the tens digit of j(-9)?
2
Suppose 0 = 5*w + 25, -3*r + 196 = 4*w - 192. Let t = r + -63. What is the units digit of t?
3
Let q be 3/((-9)/(-105)) - 5. What is the units digit of (q/4)/(9/108)?
0
Suppose -3596 = 75*m - 76*m. What is the units digit of m?
6
Suppose 3*w - 203 = -5*d, -3*w + d = -0*d - 197. Suppose m - 3*a - w = 0, -274 = -4*m - 0*a + 2*a. What is the tens digit of m?
6
Let h = 2309 + -1627. What is the hundreds digit of h?
6
Let o = 1663 + -204. What is the hundreds digit of o?
4
Suppose -4*p + 4*t + 488 = 0, 0 = 4*t - 0 + 8. What is the hundreds digit of p